- 16*y. Is w(36) a prime number?
True
Let x(c) = -124*c - 7. Suppose 3*m - 2*f - 2 = 0, f = 5*m - 0*m - 8. Let l be (-51)/9 - m/(-3). Is x(l) prime?
True
Let f(l) = -l**3 - 20*l**2 - 36*l + 20. Let v be f(-18). Let g(c) = 5*c**3 - 13*c**2 - 26*c + 29. Is g(v) composite?
True
Suppose -3*a - 7 = -4*a + 2*t, 3*a - 3*t - 21 = 0. Suppose 2*z - 3*z + 293 = 0. Suppose a*b - 6756 = z. Is b a prime number?
False
Suppose -80863 = -6*x + 78371. Is x prime?
True
Let f = -79898 + 128097. Is f prime?
False
Suppose -4*d - 4*i = -625 + 6701, 2*d + i = -3035. Let m = 5123 + d. Is m a prime number?
True
Suppose -4*k + 30 = -2*k. Let m be 9/k - (-9)/(-15). Let h(i) = i**3 + 446. Is h(m) a composite number?
True
Let q = -118 + 121. Suppose -10*i - q*z = -5*i - 2453, 4*z = 5*i - 2481. Is i prime?
False
Let i = 5309 - -3870. Let v = i - -3458. Is v a prime number?
True
Is ((-634)/4)/((-196)/83832) + (-2)/(-7) prime?
False
Let p(h) = -1353*h - 30. Let d be p(4). Is ((-18)/54)/(2/d) a composite number?
False
Let w(q) = -430*q + 89. Let k(s) = -860*s + 177. Let v(h) = 6*k(h) - 11*w(h). Is v(-3) a composite number?
False
Suppose 3*m - 6 = -g, -2*m = -2*g + 159 - 147. Let j(h) = -h - 1. Let v be j(-4). Suppose -k - 4748 = -4*b + v*k, m = -k. Is b a composite number?
False
Let c(n) = 4*n**3 + 2*n**2 + 3*n + 3. Let f(v) = -v**3 - v - 1. Let l(j) = -c(j) - 6*f(j). Let i be l(-4). Let w = 332 + i. Is w composite?
False
Let c be -5 + 5 + 3 + -1. Suppose 161 + 203 = 2*u + c*j, 0 = u - 2*j - 197. Is u + (1 - (-15)/(-5)) composite?
True
Let q = 5 + -7. Let d be (1 + q + 5)/2. Suppose 0 = -d*c + 2*y + 1784, -2*c - 6*y + 1766 = -2*y. Is c prime?
False
Suppose -15 = -3*f, 0*f + 3*f = -4*t + 39. Suppose t*x = -1123 + 6127. Suppose -4*w - 5*k + 185 = -x, 4*k = -3*w + 765. Is w prime?
True
Suppose -286963 = -3*f + 159710. Is f prime?
True
Let r be -1*(-3)/(-3)*1 - 2. Is (109 + 2)*(-43)/r a prime number?
False
Suppose 0 = -36*u - 6*u - 26*u + 19313972. Is u a prime number?
False
Suppose 29*h - 510 = 27*h. Let j = h + 1423. Is j composite?
True
Let q(n) = -156*n + 1. Let z be q(6). Let h be 1565 + (7 - 2/(-5)*(-16 + 11)). Let a = z + h. Is a a prime number?
False
Suppose 2*n + 5*n = 0. Suppose 63 = 4*w - f, 2*w + n*f - 34 = -2*f. Let m(d) = -d**3 + 16*d**2 + 6*d - 5. Is m(w) a composite number?
True
Suppose 31*t = 17769 + 241670. Is t prime?
True
Suppose 4599*h = 4463*h + 1115336. Is h prime?
False
Suppose 0 = -3*t + 7*t + 160. Suppose 4*q + 37 = 409. Let b = q + t. Is b a prime number?
True
Suppose 0 = -2*s - 5*w - 3464, -4*s + 5*w - 3*w = 6976. Let h = s + 3581. Is h composite?
True
Let b(k) = -167*k**3 - 192*k**2 - 2*k + 14. Is b(-5) a composite number?
True
Suppose 0 = 25*d + m - 6878219, -4*d - 6*m = -3*m - 1100498. Is d a prime number?
True
Let d(m) be the third derivative of 473*m**5/10 - 5*m**4/12 + 3*m**3/2 - 129*m**2 + 1. Is d(1) a composite number?
False
Suppose 2*s - 5*z - 1 = 3, 40 = -4*s - 2*z. Let m = s + 4. Is (3/(-6))/((-10588)/(-2648) + m) a composite number?
False
Let x(b) = -68*b + 1901. Is x(0) composite?
False
Let f = -575 - -566. Let o(i) = 59*i**2 + 6*i - 4. Is o(f) a composite number?
False
Let g(i) = 133*i**2 + 24*i + 4. Let y be (-1 + 6 - 3)*20/8. Is g(y) prime?
True
Let f be (-6)/16 - (-972)/288. Suppose -2*s + 1199 = 3*q, f*s = 4*q - 0*q - 1576. Is q a prime number?
True
Let t(i) = -i + 11. Let y be t(8). Let r(b) = -b + 7 + y*b - 18*b + 0*b. Is r(-25) composite?
True
Suppose 4*s = -3*u + 1470196 - 49606, u = -s + 355148. Is s/(-44)*2/(-3) composite?
False
Let o(b) be the first derivative of 287*b**2/2 - b - 110. Is o(9) a composite number?
True
Suppose -5*z + 15898 = u - 41361, -2*u = -2*z - 114542. Is u a prime number?
True
Suppose -8*j = 932 + 1180. Let u = 31 - j. Is u a prime number?
False
Suppose 0 = 3*h - 7*h - 4*x + 138836, -2*x + 34712 = h. Suppose 27*p - 12247 = h. Is p a composite number?
True
Let t be 3*2*(0 - (-4)/8). Suppose -5*b = j - 1917, -t*j + 5*b = 2*j - 9735. Suppose -5*k = -5*g - 4860, -3*k - 4*g = -5*k + j. Is k a composite number?
True
Suppose 38*p - 2566503 + 399515 = 0. Is p a prime number?
False
Let l(c) = -17*c**2 - 3*c - 2. Let m(x) = -x**2 + x - 1. Let d(n) = l(n) - 6*m(n). Let g be d(13). Let s = -315 - g. Is s a composite number?
False
Let b(f) = -161*f**3 + 21*f**2 - 87*f - 1023. Is b(-10) prime?
True
Let b be ((-1)/(-2))/(-8 + (-343)/(-42)). Suppose -4*g + 6651 = b*k, 25*k - 21*k - 8893 = 3*g. Is k prime?
True
Is (273246/8)/(((-27)/45)/((-28)/35)) a composite number?
False
Let s = 523 - 522. Let d(m) = -443*m**2 - 1. Let x(p) = -p**2. Let u(h) = -d(h) - 2*x(h). Is u(s) prime?
False
Let i(r) = -3*r**2 + 6*r**2 - 60 + 9*r + r**3 - 7*r**2 + 3*r**2. Is i(5) a composite number?
True
Suppose -2*n = -3*l - 9, -n - l + 11 = 3*n. Suppose 0 = 3*p - n*b - 9, p + 1 = -b - 6. Is 0 + 664 + (p + 6 - 1) a composite number?
True
Let q = 491091 + -314048. Is q composite?
False
Suppose -176290 = -168*l + 173*l. Let u = -19249 - l. Is u composite?
True
Suppose -72*g + 63264 = -218462 + 18278. Is g prime?
True
Let i(w) be the first derivative of -63*w**2 - 17*w + 5. Let s = 7 - 12. Is i(s) a composite number?
False
Let o be 4 - 20/5*1. Let s(c) = 4 + 5 + 4*c**2 + o - 16*c. Is s(11) composite?
False
Let c = 1377 + 2842. Let f = 2715 + c. Suppose -2*z + f = 5*i, 0*i - 10387 = -3*z - 4*i. Is z prime?
True
Is ((-330273)/(-18) + -13)/(2/4) a composite number?
False
Let s(p) = -113*p**3 + 12*p**2 - 11*p + 21. Is s(-10) a composite number?
True
Let c = -46 - -50. Suppose 2*y - 10 = -c. Is y/9 - (-13390)/15 a prime number?
False
Let i = 328 + -316. Is 16416/2 + -4*(-15)/i a composite number?
True
Let b(f) = 705*f + 35. Let d be b(-8). Let n = -1772 - d. Is n composite?
False
Let v be 12*(10/15 - 1) - -9. Is (v + (14 - 0))*127 a composite number?
True
Let g(y) = y - 12. Let u be g(14). Suppose s - u*r = 566 + 592, -5*r = -3*s + 3475. Let f = 2089 - s. Is f a composite number?
False
Suppose -25*g = -3*l - 27*g + 10436, l = -g + 3480. Let w = l + -403. Is w a composite number?
True
Suppose 0 = 2*t + 4*u - 3525698, -1762870 = -t - 146*u + 147*u. Is t a prime number?
False
Let w = 76 + -124. Let h = w + 62. Suppose 0 = -16*f + h*f + 74. Is f a composite number?
False
Suppose -11 - 14 = -5*i, -165 = 4*p - i. Let z be (-168)/p - (-1)/(-5). Suppose 2*w + 2*w - 5*g - 5252 = 0, 5252 = z*w + 3*g. Is w prime?
False
Let j(z) = -116*z**3 + 9*z**2 + 2*z + 9. Let l(d) = -58*d**3 - 15 + d + 7 + 12 + 1 + 5*d**2. Let k(v) = -6*j(v) + 11*l(v). Is k(2) a composite number?
False
Suppose -586586 = -29*s + 80385. Is s a prime number?
False
Suppose -3*f = f + 860. Let l = f + -315. Let s = l - -1199. Is s a composite number?
True
Suppose 3*v = -3*o + 14814, 0 = -2*o + 5*v + 4491 + 5413. Suppose -o = -6*b - b. Suppose 0*g + 2*g - b = -4*j, 362 = 2*j - 2*g. Is j a prime number?
False
Let c be (-5933)/85 - 1/5. Let t be 2/3 + c/(-21). Suppose -3*n - t*w + 11717 = 0, 4*w + 3715 = n - 196. Is n composite?
False
Let y = 90509 + -49582. Is y a prime number?
True
Let w = -95160 - -196101. Is w a composite number?
True
Suppose 588 = -3*p - 3*v, 7*p - 5*p + 407 = 3*v. Let g be (293/(-4))/(3/12). Let w = p - g. Is w composite?
True
Suppose 28*n - 761157 - 1442693 = 563586. Is n prime?
True
Let v = 6550 - 578. Let l = v - 3249. Is l composite?
True
Is (-14)/63 + 653519/9 a prime number?
True
Suppose -534165 = -21*p + 6*p. Is p a prime number?
False
Let c = -33 - -35. Suppose -2*i - 5*x + 13 = 0, 2*i + c*x + 0*x = 10. Suppose 9*z - i*z = 7505. Is z composite?
True
Let r(g) = -6*g**3 + 6*g**2 + 4. Let o be r(-4). Let t = 10851 + o. Is t a composite number?
True
Is -21*(-1)/273 - (-4363824)/39 a composite number?
False
Let j be -4*(-5)/(-10)*-3. Let u be -3*2/j - 9. Is 696/20*(-25)/u a prime number?
False
Suppose -l - 1722 = -c + 1887, 3603 = c + 2*l. Is c a composite number?
False
Suppose -3*r + 15 = -5*n, 3*n + 2 = 5*r - 7. Suppose w - 14 = 3*z, r = 3*w + 2*w - 5*z - 40. Suppose -w*a + 6*v + 670 = v, a + 5*v = 128. Is a a prime number?
False
Is (42/6 - 5)/(8/130412) prime?
True
Let x be ((-5)/(-4))/((-22)/(-528)). Suppose 23*g + 153097 = x*g. Is g a prime number?
True
Let y(d) = 21*d + 35. Let l be y(-2). Let p(z) = -691*z - 54. Is p(l) a composite number?
False
Suppose 5*g + 10 = -s,